 divided by 737?
17
What is the remainder when 103478225 is divided by 1785?
1775
Calculate the remainder when 12218 is divided by 2442.
8
What is the remainder when 40657185 is divided by 2262?
2259
What is the remainder when 23859786 is divided by 10?
6
What is the remainder when 6800255 is divided by 119?
0
What is the remainder when 159563 is divided by 985?
978
Calculate the remainder when 19786138 is divided by 1485.
1483
What is the remainder when 8113719 is divided by 129?
6
Calculate the remainder when 1497919 is divided by 213972.
115
Calculate the remainder when 2536549 is divided by 317053.
125
Calculate the remainder when 373616 is divided by 101.
17
Calculate the remainder when 1115152 is divided by 1311.
802
What is the remainder when 146157 is divided by 309?
0
Calculate the remainder when 536363 is divided by 926.
209
Calculate the remainder when 1118018 is divided by 1128.
170
What is the remainder when 442905 is divided by 1710?
15
What is the remainder when 578474141 is divided by 83?
80
What is the remainder when 3649261 is divided by 7045?
6996
What is the remainder when 11411997 is divided by 4?
1
What is the remainder when 4493262 is divided by 1225?
1187
Calculate the remainder when 312865685 is divided by 18.
17
What is the remainder when 20466326 is divided by 88?
78
Calculate the remainder when 4478266 is divided by 2377.
2375
Calculate the remainder when 33486087 is divided by 94.
91
Calculate the remainder when 20388193 is divided by 2265354.
7
What is the remainder when 13047109 is divided by 77?
75
What is the remainder when 3804364 is divided by 18?
10
What is the remainder when 1911220 is divided by 167?
72
Calculate the remainder when 183221 is divided by 1047.
1043
What is the remainder when 1487 is divided by 93?
92
What is the remainder when 936422 is divided by 849?
824
What is the remainder when 207916 is divided by 455?
436
Calculate the remainder when 526800 is divided by 13133.
1480
Calculate the remainder when 20917 is divided by 213.
43
Calculate the remainder when 84922264 is divided by 397.
391
Calculate the remainder when 42947 is divided by 7480.
5547
Calculate the remainder when 981179 is divided by 87.
80
What is the remainder when 555879 is divided by 38?
15
Calculate the remainder when 177033 is divided by 1554.
1431
Calculate the remainder when 285279 is divided by 285061.
218
Calculate the remainder when 6781810 is divided by 847726.
2
Calculate the remainder when 6903064 is divided by 61.
60
Calculate the remainder when 1924425 is divided by 291.
42
What is the remainder when 1266797 is divided by 835?
102
What is the remainder when 864520 is divided by 2697?
1480
Calculate the remainder when 6319796 is divided by 136.
12
What is the remainder when 9747168 is divided by 389?
384
What is the remainder when 1533338 is divided by 43804?
198
What is the remainder when 1304525 is divided by 186351?
68
Calculate the remainder when 13133778 is divided by 54.
6
Calculate the remainder when 61784579 is divided by 59985.
29
Calculate the remainder when 45723 is divided by 2709.
2379
Calculate the remainder when 2969922 is divided by 1484939.
44
Calculate the remainder when 1299851 is divided by 3503.
238
Calculate the remainder when 38643802 is divided by 1300.
2
Calculate the remainder when 1404918 is divided by 113.
102
What is the remainder when 20524126 is divided by 48?
46
What is the remainder when 7476215 is divided by 4501?
54
What is the remainder when 107390 is divided by 2935?
1730
What is the remainder when 100527 is divided by 649?
581
Calculate the remainder when 432998 is divided by 958.
940
What is the remainder when 5497726 is divided by 496?
62
What is the remainder when 1250585 is divided by 3353?
3269
What is the remainder when 44538981 is divided by 162?
159
Calculate the remainder when 23252139 is divided by 43.
18
What is the remainder when 6217261 is divided by 3108630?
1
Calculate the remainder when 18482597 is divided by 2134.
23
What is the remainder when 17362 is divided by 691?
87
What is the remainder when 8341528 is divided by 151?
137
Calculate the remainder when 965299 is divided by 482561.
177
Calculate the remainder when 8695199 is divided by 111.
14
Calculate the remainder when 84522146 is divided by 54.
50
What is the remainder when 50931212 is divided by 84?
80
Calculate the remainder when 547865 is divided by 2767.
2766
What is the remainder when 46811366 is divided by 526?
522
Calculate the remainder when 1545318970 is divided by 8007.
8005
Calculate the remainder when 6100 is divided by 986.
184
Calculate the remainder when 4441183 is divided by 2614.
2611
Calculate the remainder when 3283087 is divided by 996.
271
Calculate the remainder when 22302 is divided by 2482.
2446
What is the remainder when 171163 is divided by 21361?
275
What is the remainder when 27614 is divided by 1530?
74
What is the remainder when 5981723 is divided by 82?
69
Calculate the remainder when 6363122 is divided by 6142.
10
What is the remainder when 697175 is divided by 7578?
7577
What is the remainder when 310742 is divided by 548?
26
Calculate the remainder when 560279 is divided by 759.
137
Calculate the remainder when 41584 is divided by 534.
466
What is the remainder when 8262532 is divided by 39?
31
Calculate the remainder when 208210475 is divided by 5118.
5117
Calculate the remainder when 199530 is divided by 66160.
1050
What is the remainder when 134676 is divided by 1924?
1920
Calculate the remainder when 501580013 is divided by 1611.
1607
What is the remainder when 56809094 is divided by 1031?
994
Calculate the remainder when 5592447 is divided by 257.
127
What is the remainder when 11465680 is divided by 19?
16
Calculate the remainder when 15809296 is divided by 7586.
72
What is the remainder when 39043 is divided by 3445?
1148
What is the remainder when 496494711 is divided by 37?
36
What is the remainder when 600081 is divided by 2735?
1116
Calculate the remainder when 169076 is divided by 178.
154
Calculate the remainder when 121934801 is divided by 186160.
1
Calculate the remainder when 95395 is divided by 3942.
787
What is the remainder when 56294 is divided by 1936?
150
Calculate the remainder when 1901598 is divided by 4323.
3801
Calculate the remainder when 6739084 is divided by 3369439.
206
Calculate the remainder when 79403241 is divided by 4086.
3
Calculate the remainder when 3144665 is divided by 183.
176
What is the remainder when 3298640 is divided by 1649240?
160
Calculate the remainder when 1218077 is divided by 460.
457
Calculate the remainder when 1861346 is divided by 144.
2
Calculate the remainder when 2519483 is divided by 1998.
5
What is the remainder when 4686311 is divided by 46?
15
Calculate the remainder when 2109873 is divided by 703291.
0
What is the remainder when 126461 is divided by 781?
720
Calculate the remainder when 2089697 is divided by 712.
689
Calculate the remainder when 16666882 is divided by 42.
22
What is the remainder when 49732 is divided by 12177?
1024
What is the remainder when 4905655 is divided by 28?
27
What is the remainder when 227980 is divided by 1496?
588
What is the remainder when 1244835 is divided by 357?
333
Calculate the remainder when 6373 is divided by 160.
133
What is the remainder when 5200334 is divided by 754?
750
What is the remainder when 1180556 is divided by 562?
356
Calculate the remainder when 10294 is divided by 10215.
79
Calculate the remainder when 29403409 is divided by 14701693.
23
Calculate the remainder when 1226102 is divided by 2331.
2327
What is the remainder when 9672277 is divided by 89558?
13
What is the remainder when 108673 is divided by 466?
95
Calculate the remainder when 209785 is divided by 23306.
31
Calculate the remainder when 1073059 is divided by 18.
7
Calculate the remainder when 47507977 is divided by 1630.
1627
What is the remainder when 3342560 is divided by 79?
70
What is the remainder when 514532 is divided by 531?
524
What is the remainder when 1312458 is divided by 138?
78
What is the remainder when 761652 is divided by 11505?
2322
What is the remainder when 58840915 is divided by 1594?
1593
Calculate the remainder when 13785137 is divided by 1494.
1493
What is th